{"id":82,"date":"2025-01-28T11:46:31","date_gmt":"2025-01-28T11:46:31","guid":{"rendered":"https:\/\/fevik-barnehage.no\/?page_id=82"},"modified":"2025-01-28T11:50:24","modified_gmt":"2025-01-28T11:50:24","slug":"om-barnehagen","status":"publish","type":"page","link":"https:\/\/fevik-barnehage.no\/?page_id=82","title":{"rendered":"Om barnehagen"},"content":{"rendered":"\t\t<div data-elementor-type=\"wp-page\" data-elementor-id=\"82\" class=\"elementor elementor-82\" data-elementor-post-type=\"page\">\n\t\t\t\t<div class=\"elementor-element elementor-element-695c3e32 e-con-full e-flex e-con e-parent\" data-id=\"695c3e32\" data-element_type=\"container\" data-e-type=\"container\" data-settings=\"{&quot;background_background&quot;:&quot;classic&quot;}\">\n\t\t<div class=\"elementor-element elementor-element-6a51b9c4 e-con-full e-flex elementor-invisible e-con e-child\" data-id=\"6a51b9c4\" data-element_type=\"container\" data-e-type=\"container\" data-settings=\"{&quot;background_background&quot;:&quot;classic&quot;,&quot;animation&quot;:&quot;fadeInUp&quot;}\">\n\t\t\t\t<div class=\"elementor-element elementor-element-359c784c elementor-widget elementor-widget-heading\" data-id=\"359c784c\" data-element_type=\"widget\" data-e-type=\"widget\" data-widget_type=\"heading.default\">\n\t\t\t\t<div class=\"elementor-widget-container\">\n\t\t\t\t\t<h1 class=\"elementor-heading-title elementor-size-default\">Om barnehagen<\/h1>\t\t\t\t<\/div>\n\t\t\t\t<\/div>\n\t\t\t\t<div class=\"elementor-element elementor-element-393398a1 elementor-widget elementor-widget-text-editor\" data-id=\"393398a1\" data-element_type=\"widget\" data-e-type=\"widget\" data-widget_type=\"text-editor.default\">\n\t\t\t\t<div class=\"elementor-widget-container\">\n\t\t\t\t\t\t\t\t\t<h3 style=\"text-align: left;\"><strong>Fevik Barnehage og v\u00e5r visjon:<\/strong><\/h3><p style=\"text-align: left;\"><br \/>Alle barn i Fevik Barnehage skal oppleve \u00e5 bli sett, h\u00f8rt og forst\u00e5tt av varme og tydelige voksne (ref. \u00e5rsplanen).<\/p><p style=\"text-align: left;\">Fevik Barnehage ble startet i 1976. Den ble renovert helt i 2009.\u00a0<\/p><p style=\"text-align: left;\">Vi har fin beliggenhet p\u00e5 Fevik, rett ved Fevik toppen og Fevik skole.<\/p><p style=\"text-align: left;\">Barnehagen har 3 avdelinger som heter Sol, M\u00e5ne og Stjerne. Vi har barn fra 0-6 \u00e5r.<\/p><p style=\"text-align: left;\">I alt har vi 53 plasser. Det er mulighet for heltids- og deltidsplasser.<\/p><p style=\"text-align: left;\">Det er to ledere p\u00e5 hver gruppe i tillegg til fagarbeidere og assistenter.<\/p><p style=\"text-align: left;\">\u00a0<\/p><p style=\"text-align: left;\">Fevik Barnehage eies av Grimstad kirkelige fellesr\u00e5d, og har utvidet kristen form\u00e5lsparagraf. Mer informasjon finner dere i \u00e5rsplanen.<\/p><p style=\"text-align: left;\">Vi er heldig \u00e5 ha tilgang p\u00e5 Fevik kirke som barnehagen er i samme bygg som v\/jule- og p\u00e5skevandring, en sang\/musikkentusiast som har samling i barnehagen en gang i m\u00e5neden og bes\u00f8k i Fj\u00e6re kirke 1 gang i \u00e5ret.<\/p><p style=\"text-align: left;\">\u00a0<\/p><p style=\"text-align: left;\">Barnehagen er \u00e5pen hver dag fra 0730 -1630. Vi har stengt 4 uker i juli, julaften og nytt\u00e5rsaften og onsdag f\u00f8r skj\u00e6rtorsdag stenger vi kl. 1200. Det er 5 planleggingsdager i \u00e5ret som brukes til \u00e5 planlegge videre fremdrift, evaluere, praktiske gj\u00f8rem\u00e5l og kursing av ansatte.<\/p><p style=\"text-align: left;\">\u00a0<\/p><p style=\"text-align: left;\">Barnehageloven og Rammeplanen for barnehager ligger til grunn for alt arbeidet i barnehagen. M\u00e5nedsplaner leveres ut til foresatte ved begynnelsen av hver m\u00e5ned.<\/p><p style=\"text-align: left;\">\u00a0<\/p><p style=\"text-align: left;\">Fevik Barnehage har fokus p\u00e5 at barna skal f\u00e5 tidlig gode erfaringer med sunn mat,\u00a0 frukt og gr\u00f8nnsaker.<\/p><p style=\"text-align: left;\">Dette merkes ved at barna f\u00e5r mat av god kvalitet og frukt og gr\u00f8nt kl.0930, til lunch og ettermiddagsm\u00e5ltidet. Vi har inng\u00e5tt avtale med Big catering om levering av lunch hver onsdag og annenhver fredag.<\/p><p style=\"text-align: left;\">Til geburtsdager f\u00e5r barna servert smoothie eller fruktspyd.<\/p><p style=\"text-align: left;\">\u00a0<\/p><p style=\"text-align: left;\">Fevik Barnehage ble f\u00f8rste gang sertifisert som milj\u00f8fyrt\u00e5rn i 2010. Og er i dag sertifisert under eier; Grimstad kirkelige fellesr\u00e5d.<\/p><p style=\"text-align: left;\">M\u00e5let er \u00e5 skape en milj\u00f8vennlig drift og en tydelig dokumentert milj\u00f8profil.<\/p><p style=\"text-align: left;\">For barnehagen betyr dette bla fokus p\u00e5 sortering og resirkulering.<\/p>\t\t\t\t\t\t\t\t<\/div>\n\t\t\t\t<\/div>\n\t\t\t\t<\/div>\n\t\t<div class=\"elementor-element elementor-element-3d190be4 e-con-full e-flex e-con e-child\" data-id=\"3d190be4\" data-element_type=\"container\" data-e-type=\"container\">\n\t\t\t\t<div class=\"elementor-element elementor-element-6cd1a63f elementor-widget elementor-widget-image\" data-id=\"6cd1a63f\" data-element_type=\"widget\" data-e-type=\"widget\" data-widget_type=\"image.default\">\n\t\t\t\t<div class=\"elementor-widget-container\">\n\t\t\t\t\t\t\t\t\t\t\t\t\t\t\t<img fetchpriority=\"high\" decoding=\"async\" width=\"960\" height=\"720\" src=\"https:\/\/fevik-barnehage.no\/wp-content\/uploads\/2025\/01\/snow.jpg\" class=\"attachment-full size-full wp-image-60\" alt=\"\" srcset=\"https:\/\/fevik-barnehage.no\/wp-content\/uploads\/2025\/01\/snow.jpg 960w, https:\/\/fevik-barnehage.no\/wp-content\/uploads\/2025\/01\/snow-300x225.jpg 300w, https:\/\/fevik-barnehage.no\/wp-content\/uploads\/2025\/01\/snow-768x576.jpg 768w\" sizes=\"(max-width: 960px) 100vw, 960px\" \/>\t\t\t\t\t\t\t\t\t\t\t\t\t\t\t<\/div>\n\t\t\t\t<\/div>\n\t\t\t\t<\/div>\n\t\t\t\t<\/div>\n\t\t\t\t<\/div>\n\t\t","protected":false},"excerpt":{"rendered":"<p>Om barnehagen Fevik Barnehage og v\u00e5r visjon: Alle barn i Fevik Barnehage skal oppleve \u00e5 bli sett, h\u00f8rt og forst\u00e5tt av varme og tydelige voksne (ref. \u00e5rsplanen). Fevik Barnehage ble startet i 1976. Den ble renovert helt i 2009.\u00a0 Vi har fin beliggenhet p\u00e5 Fevik, rett ved Fevik toppen og Fevik skole. Barnehagen har 3 [&hellip;]<\/p>\n","protected":false},"author":1,"featured_media":0,"parent":0,"menu_order":0,"comment_status":"closed","ping_status":"closed","template":"","meta":{"footnotes":""},"class_list":["post-82","page","type-page","status-publish","hentry"],"_links":{"self":[{"href":"https:\/\/fevik-barnehage.no\/index.php?rest_route=\/wp\/v2\/pages\/82","targetHints":{"allow":["GET"]}}],"collection":[{"href":"https:\/\/fevik-barnehage.no\/index.php?rest_route=\/wp\/v2\/pages"}],"about":[{"href":"https:\/\/fevik-barnehage.no\/index.php?rest_route=\/wp\/v2\/types\/page"}],"author":[{"embeddable":true,"href":"https:\/\/fevik-barnehage.no\/index.php?rest_route=\/wp\/v2\/users\/1"}],"replies":[{"embeddable":true,"href":"https:\/\/fevik-barnehage.no\/index.php?rest_route=%2Fwp%2Fv2%2Fcomments&post=82"}],"version-history":[{"count":7,"href":"https:\/\/fevik-barnehage.no\/index.php?rest_route=\/wp\/v2\/pages\/82\/revisions"}],"predecessor-version":[{"id":90,"href":"https:\/\/fevik-barnehage.no\/index.php?rest_route=\/wp\/v2\/pages\/82\/revisions\/90"}],"wp:attachment":[{"href":"https:\/\/fevik-barnehage.no\/index.php?rest_route=%2Fwp%2Fv2%2Fmedia&parent=82"}],"curies":[{"name":"wp","href":"https:\/\/api.w.org\/{rel}","templated":true}]}}

<div data-elementor-type="wp-page" data-elementor-id="82" class="elementor elementor-82" data-elementor-post-type="page">
				<div class="elementor-element elementor-element-695c3e32 e-con-full e-flex e-con e-parent" data-id="695c3e32" data-element_type="container" data-e-type="container" data-settings="{&quot;background_background&quot;:&quot;classic&quot;}">
		<div class="elementor-element elementor-element-6a51b9c4 e-con-full e-flex elementor-invisible e-con e-child" data-id="6a51b9c4" data-element_type="container" data-e-type="container" data-settings="{&quot;background_background&quot;:&quot;classic&quot;,&quot;animation&quot;:&quot;fadeInUp&quot;}">
				<div class="elementor-element elementor-element-359c784c elementor-widget elementor-widget-heading" data-id="359c784c" data-element_type="widget" data-e-type="widget" data-widget_type="heading.default">
				<div class="elementor-widget-container">
					<h1 class="elementor-heading-title elementor-size-default">Om barnehagen</h1>				</div>
				</div>
				<div class="elementor-element elementor-element-393398a1 elementor-widget elementor-widget-text-editor" data-id="393398a1" data-element_type="widget" data-e-type="widget" data-widget_type="text-editor.default">
				<div class="elementor-widget-container">
									<h3 style="text-align: left;"><strong>Fevik Barnehage og vår visjon:</strong></h3><p style="text-align: left;"><br />Alle barn i Fevik Barnehage skal oppleve å bli sett, hørt og forstått av varme og tydelige voksne (ref. årsplanen).</p><p style="text-align: left;">Fevik Barnehage ble startet i 1976. Den ble renovert helt i 2009. </p><p style="text-align: left;">Vi har fin beliggenhet på Fevik, rett ved Fevik toppen og Fevik skole.</p><p style="text-align: left;">Barnehagen har 3 avdelinger som heter Sol, Måne og Stjerne. Vi har barn fra 0-6 år.</p><p style="text-align: left;">I alt har vi 53 plasser. Det er mulighet for heltids- og deltidsplasser.</p><p style="text-align: left;">Det er to ledere på hver gruppe i tillegg til fagarbeidere og assistenter.</p><p style="text-align: left;"> </p><p style="text-align: left;">Fevik Barnehage eies av Grimstad kirkelige fellesråd, og har utvidet kristen formålsparagraf. Mer informasjon finner dere i årsplanen.</p><p style="text-align: left;">Vi er heldig å ha tilgang på Fevik kirke som barnehagen er i samme bygg som v/jule- og påskevandring, en sang/musikkentusiast som har samling i barnehagen en gang i måneden og besøk i Fjære kirke 1 gang i året.</p><p style="text-align: left;"> </p><p style="text-align: left;">Barnehagen er åpen hver dag fra 0730 -1630. Vi har stengt 4 uker i juli, julaften og nyttårsaften og onsdag før skjærtorsdag stenger vi kl. 1200. Det er 5 planleggingsdager i året som brukes til å planlegge videre fremdrift, evaluere, praktiske gjøremål og kursing av ansatte.</p><p style="text-align: left;"> </p><p style="text-align: left;">Barnehageloven og Rammeplanen for barnehager ligger til grunn for alt arbeidet i barnehagen. Månedsplaner leveres ut til foresatte ved begynnelsen av hver måned.</p><p style="text-align: left;"> </p><p style="text-align: left;">Fevik Barnehage har fokus på at barna skal få tidlig gode erfaringer med sunn mat,  frukt og grønnsaker.</p><p style="text-align: left;">Dette merkes ved at barna får mat av god kvalitet og frukt og grønt kl.0930, til lunch og ettermiddagsmåltidet. Vi har inngått avtale med Big catering om levering av lunch hver onsdag og annenhver fredag.</p><p style="text-align: left;">Til geburtsdager får barna servert smoothie eller fruktspyd.</p><p style="text-align: left;"> </p><p style="text-align: left;">Fevik Barnehage ble første gang sertifisert som miljøfyrtårn i 2010. Og er i dag sertifisert under eier; Grimstad kirkelige fellesråd.</p><p style="text-align: left;">Målet er å skape en miljøvennlig drift og en tydelig dokumentert miljøprofil.</p><p style="text-align: left;">For barnehagen betyr dette bla fokus på sortering og resirkulering.</p>								</div>
				</div>
				</div>
		<div class="elementor-element elementor-element-3d190be4 e-con-full e-flex e-con e-child" data-id="3d190be4" data-element_type="container" data-e-type="container">
				<div class="elementor-element elementor-element-6cd1a63f elementor-widget elementor-widget-image" data-id="6cd1a63f" data-element_type="widget" data-e-type="widget" data-widget_type="image.default">
				<div class="elementor-widget-container">
															<img fetchpriority="high" decoding="async" width="960" height="720" src="https://fevik-barnehage.no/wp-content/uploads/2025/01/snow.jpg" class="attachment-full size-full wp-image-60" alt="" srcset="https://fevik-barnehage.no/wp-content/uploads/2025/01/snow.jpg 960w, https://fevik-barnehage.no/wp-content/uploads/2025/01/snow-300x225.jpg 300w, https://fevik-barnehage.no/wp-content/uploads/2025/01/snow-768x576.jpg 768w" sizes="(max-width: 960px) 100vw, 960px" />															</div>
				</div>
				</div>
				</div>
				</div>

<p>Om barnehagen Fevik Barnehage og vår visjon: Alle barn i Fevik Barnehage skal oppleve å bli sett, hørt og forstått av varme og tydelige voksne (ref. årsplanen). Fevik Barnehage ble startet i 1976. Den ble renovert helt i 2009.  Vi har fin beliggenhet på Fevik, rett ved Fevik toppen og Fevik skole. Barnehagen har 3 [&hellip;]</p>
